14, what is 61 + 3?
64
In base 8, what is -24 + 1?
-23
In base 7, what is 25 + 11?
36
In base 6, what is 14224 + -5?
14215
In base 14, what is -9 - -4?
-5
In base 13, what is ab4 + -2?
ab2
In base 15, what is c - -8?
15
In base 12, what is 90 - -9?
99
In base 4, what is 23 + 11012?
11101
In base 5, what is -404 - -10?
-344
In base 12, what is -4 + -1964?
-1968
In base 8, what is -5 + 14571?
14564
In base 6, what is -4 - 50?
-54
In base 7, what is -14455 + 1?
-14454
In base 10, what is -600 + -4?
-604
In base 7, what is 265 + 3?
301
In base 7, what is -143 + 4?
-136
In base 9, what is 60 + 31?
101
In base 16, what is 3 + 1c9?
1cc
In base 8, what is -1 + 217?
216
In base 15, what is 4 + -1032?
-102d
In base 11, what is -261 + 11?
-250
In base 2, what is 110110100 - -101?
110111001
In base 8, what is -3 + -41?
-44
In base 3, what is -100 + 10220?
10120
In base 8, what is -2 + 33?
31
In base 8, what is -36 - -23?
-13
In base 14, what is -19 - 1c5?
-200
In base 13, what is -2b - 344?
-372
In base 15, what is -162 + 32?
-130
In base 5, what is -1141 - 10?
-1201
In base 4, what is -2 + 1?
-1
In base 13, what is 2 + -60c?
-60a
In base 5, what is -4 + -3340?
-3344
In base 15, what is a - 0?
a
In base 7, what is 50 + 626?
1006
In base 14, what is 0 + 29?
29
In base 2, what is -100 + -10010110?
-10011010
In base 3, what is -100202 - 11?
-100220
In base 10, what is 46 - 275?
-229
In base 14, what is 5 + -7?
-2
In base 5, what is 30 + 13210?
13240
In base 15, what is 8 - -1d?
26
In base 13, what is 1705 + 8?
1710
In base 7, what is 6 + -3?
3
In base 8, what is 15 + 75?
112
In base 3, what is -10 + -212?
-222
In base 4, what is 10021 - 130?
3231
In base 16, what is 3 + -352?
-34f
In base 6, what is -441 + 52?
-345
In base 3, what is 1 + 10220?
10221
In base 15, what is -60 - 10?
-70
In base 11, what is 65 + -47?
19
In base 9, what is -1 + -157?
-158
In base 3, what is -12 + -1111221?
-1112010
In base 3, what is 11 + 10022?
10110
In base 13, what is -640c + 2?
-640a
In base 5, what is 4324 - 31?
4243
In base 5, what is 3130 - -3?
3133
In base 11, what is 7 + -1a32?
-1a26
In base 12, what is -5 - a7b?
-a84
In base 15, what is 1d9 + 5?
1de
In base 3, what is 10 + -22221?
-22211
In base 15, what is 603 - -1?
604
In base 14, what is 39 + 189?
1c4
In base 15, what is 101 + -6?
ea
In base 3, what is 1 + 22200?
22201
In base 4, what is -102 - -22302?
22200
In base 7, what is -4 - 1422?
-1426
In base 14, what is 9 + 2?
b
In base 12, what is -396 - 12?
-3a8
In base 7, what is 10631 + 0?
10631
In base 2, what is -101 - -11?
-10
In base 2, what is 1000010111 + -1?
1000010110
In base 3, what is -1012 - 2112?
-10201
In base 6, what is -44 - 35?
-123
In base 9, what is -274 + -2?
-276
In base 13, what is 5 + 1a?
22
In base 4, what is 2 - 20?
-12
In base 11, what is -2 - 4?
-6
In base 6, what is -53 - 5?
-102
In base 9, what is -4 + 176?
172
In base 9, what is -814 - 1?
-815
In base 7, what is -2110 - -5?
-2102
In base 13, what is -1 - 269?
-26a
In base 3, what is 12 - 102022000?
-102021211
In base 7, what is -52 - -122?
40
In base 8, what is 5 + -362?
-355
In base 3, what is -222022 - 11?
-222110
In base 14, what is 1c + -4?
18
In base 2, what is -101001 + -100?
-101101
In base 7, what is 12 + -41?
-26
In base 14, what is 0 - -129d?
129d
In base 12, what is 78b9 - -4?
7901
In base 2, what is -110011 - 110?
-111001
In base 14, what is 2 - 1d?
-1b
In base 5, what is 14 + -1031?
-1012
In base 12, what is 0 + 51?
51
In base 16, what is -8 + 34?
2c
In base 5, what is 2 + 4002?
4004
In base 6, what is -12 - 4?
-20
In base 11, what is 5 + 1031?
1036
In base 11, what is -39 - -5?
-34
In base 9, what is 1 - -503?
504
In base 15, what is -4 - -5c1?
5bc
In base 10, what is 5 - 85?
-80
In base 9, what is 21 - 37?
-16
In base 14, what is -7 - -116?
10d
In base 13, what is -23b6 + 4?
-23b2
In base 5, what is -4 + 103003?
102444
In base 12, what is -8a + -20?
-aa
In base 9, what is 2303 + 3?
2306
In base 15, what is -7 + -73?
-7a
In base 6, what is 5 - -245?
254
In base 2, what is 1000110 + 10?
1001000
In base 15, what is -18 + -1d9?
-202
In base 13, what is 11 - -22?
33
In base 9, what is 45 + 4?
50
In base 10, what is 0 - -649?
649
In base 11, what is -12 - -35?
23
In base 9, what is 5 + -4723?
-4717
In base 2, what is 1101001 - -1001?
1110010
In base 5, what is 30303 + 1?
30304
In base 12, what is -2 - -364?
362
In base 14, what is -a + bb?
b1
In base 3, what is -110 - 100?
-210
In base 5, what is -404 + -4?
-413
In base 16, what is d + 19d?
1aa
In base 2, what is -1000 + 10?
-110
In base 15, what is -1 - -263b?
263a
In base 15, what is -2 + 6ae?
6ac
In base 15, what is 15a - 3?
157
In base 15, what is -e3 + 4?
-de
In base 15, what is -4 - 264?
-268
In base 4, what is -11 - -1001?
330
In base 5, what is 2 - 102?
-100
In base 2, what is 10 + -101010110?
-101010100
In base 4, what is -112 - 132?
-310
In base 11, what is 20763 - 2?
20761
In base 12, what is 6 + 3b?
45
In base 13, what is 19 - 60?
-44
In base 9, what is -5 - 1456?
-1462
In base 12, what is 7 - -138?
143
In base 4, what is -1 + -32111?
-32112
In base 4, what is 12222 + 23?
12311
In base 16, what is 15 - 24?
-f
In base 4, what is 22 - -11?
33
In base 2, what is -1100000001 - 11?
-1100000100
In base 3, what is -1001 + -22?
-1100
In base 14, what is c - -25?
33
In base 7, what is -20 + 1616?
1566
In base 14, what is -7 + -9?
-12
In base 3, what is -2 + -1001?
-1010
In base 14, what is 0 - 1b?
-1b
In base 14, what is 4 + -26c?
-268
In base 2, what is -101000 + 1?
-100111
In base 16, what is 4 + -565?
-561
In base 4, what is 132 + 3131?
3323
In base 12, what is -8 - -b?
3
In base 8, what is 71 - -1?
72
In base 14, what is -143 - -2?
-141
In base 8, what is 14 + -203?
-167
In base 9, what is 1426 - -2?
1428
In base 8, what is -2 + 52?
50
In base 13, what is 4 + 67b?
682
In base 10, what is 5 - 28?
-23
In base 3, what is -1 + 10010?
10002
In base 7, what is -3 - 141?
-144
In base 4, what is 11 - 12332?
-12321
In base 14, what is -2 + -658?
-65a
In base 8, what is -2 - -14?
12
In base 11, what is -389 - -a?
-37a
In base 11, what is 12 - -a?
21
In base 5, what is -1 - 13332?
-13333
In base 10, what is 1 + 274?
275
In base 8, what is 0 - -235?
235
In base 10, what is -7 - -91?
84
In base 7, what is -1410 + -1?
-1411
In base 3, what is 20012221 + -2?
20012212
In base 8, what is -1111 + -1?
-1112
In base 9, what is -448 + -5?
-454
In base 16, what is 8 + -12?
-a
In base 8, what is 2 - 472?
-470
In base 6, what is 51201 + -3?
51154
In base 11, what is 2 + -13?
-11
In base 8, what is 31 - 17?
12
In base 3, what is -1020 - 122?
-1212
In base 3, what is -20021 + 112?
-12202
In base 5, what is 22 - -120?
142
In base 5, what is 112 + 21?
133
In base 15, what is -1 - -56?
55
In base 8, what is -562 + -3?
-565
In base 10, what is -37 - 8?
-45
In base 3, what is 12 + -22010?
-21221
In base 15, what is 21 + -3e?
-1d
In base 16, what is 4 - 2f?
-2b
In base 16, what is -a - -14b?
141
In base 16, what is -7 + -2a4?
-2ab
In base 3, what is -102202 + 1?
-102201
In base 2, what is -10000 + 100010?
10010
In base 13, what is b + 4?
12
In base 12, what is b6 - 4?
b2
In base 6, what is -25 - -51?
22
In base 14, what is -1a + 33?
17
In base 6, what is -2 + 423?
421
In base 15, what is -7 + 1db?
1d4
In base 10, what is -14 + 101?
87
In base 16, what is -3 - -6f?
6c
In base 4, what is 1 + 11331?
11332
In base 14, what is 31b2 - -2?
31b4
In base 2, what is 100010 - -1?
100011
In base 3, what is -12 - 200200?
-200212
In base 7, what is -1 + 1230?
1226
In base 12, what is 86 - 85?
1
In base 15, what is -2d - -4?
-29
In base 13, what is 3 - 533?
-530
In base 10, what is 606 + 1?
607
In base 2, what is -11 + -11111010010?
-11111010101
In base 13, what is 1 + 2bc?
2c0
In base 12, what is 2b + 3?
32
In base 15, what is -2 + -60e?
-611
In base 3, what is -11 - 1102?
-1120
In base 2, what is -1101010 - 111?
-1110001
In base 13, what is -12 + a9?
97
In base 8, what is 427 + -3?
424
In base 5, what is 12411 + 10?
12421
In base 10, what is 2830 + 5?
2835
In base 9, what is 13 - 1402?
-1378
In base 15, what is -2c7 + 2?
-2c5
In base 15, what is -8 + -1b?
-24
In base 14, what is 1b9 + 10?
1c9
In base 13, what is -2 + -133?
-135
In base 7, what is 3 - 111?
-105
In b